 is the units digit of i?
9
Let n be 0 + 0 + 1 - -3. Let i be (2/n)/((-2)/(-12)). Let z = i - -5. What is the units digit of z?
8
Let v = 419 + -246. What is the units digit of v?
3
Let p(t) = -2*t**3 + t**2 + t. Let j be p(-1). Suppose 0 = 2*v - 2 - j. What is the units digit of (-48)/(-22) - v/11?
2
Suppose -z + 3*b = 4*b - 27, 4*b - 12 = 0. What is the tens digit of z?
2
Let r(u) = 8*u**3 + u**2 - 1. Let y be r(-1). Let m = y + 15. What is the units digit of m?
7
Suppose -3*c - 5*k = -c - 129, 4*k = 5*c - 372. What is the units digit of c?
2
Suppose -3*j + 34 + 14 = 0. Let v = -1 + j. What is the tens digit of v?
1
Suppose -722 = -7*u + 454. What is the units digit of u?
8
Let r be -2*(-9)/(-12)*6. Let n(o) = o**3 + 9*o**2 - o + 2. Let q be n(r). Suppose 11 = 2*m - q. What is the units digit of m?
1
Suppose -5*g - 2*i + 55 = -7*i, 3*g = -5*i + 17. What is the units digit of g?
9
Let b(k) = 2*k**2 - 6*k + 7. What is the units digit of b(3)?
7
Suppose -5*n + 355 - 60 = 0. What is the tens digit of n?
5
Suppose 0 = -7*h + 5*h + 2*d + 14, 0 = -h + 5*d - 13. What is the tens digit of h?
1
Suppose -5*o + o + 36 = 0. Suppose 0 = -5*m + 2*s + o, -8 = -4*m - 3*s + 13. Suppose w + 0*w = -4*j + 2, 2*w = -m*j - 1. What is the units digit of j?
1
Suppose 3*k - 5 = 2*k. Let f(a) = 6*a - 2. Let z be f(4). Suppose 3*t - k*g = -t + 34, 0 = 5*t + 4*g - z. What is the units digit of t?
6
Let f = 6 + -4. Suppose -6 = -p - f. Suppose p*s - 7 = 21. What is the units digit of s?
7
Suppose -3*v - 2*v - 4*s + 950 = 0, 3*s + 403 = 2*v. What is the units digit of v?
4
What is the tens digit of (-1385)/(-45) + (-2)/(-9)?
3
Suppose 5*x + 10 + 3 = n, 3*n - 87 = 3*x. Let l = n + 17. Suppose 5*z - 15 = l. What is the units digit of z?
3
Suppose 0*z - 2*z + 2 = 0. Suppose -9 + z = 4*v. What is the units digit of v/(-3) + 124/12?
1
Let l = 0 + -14. Let c = l + 15. What is the units digit of c?
1
Suppose -5*s + 103 = 3*f, 0 = -4*f - 0*f + 3*s + 118. Suppose 2*o + 0*o + 5*g - 21 = 0, 0 = -4*o + g + f. What is the units digit of o?
8
Let i be (-45)/(-2)*18/5. Let n = -54 + i. What is the tens digit of n?
2
Suppose -2*c = -3*c + 1. Let g(s) = 15*s**2 - 1. Let q be g(c). Let y = q - 7. What is the units digit of y?
7
Suppose 0 = 2*p - p. Suppose 3*c - 2*c - 7 = p. What is the units digit of c?
7
Suppose -3*k = -5*p - 6*k + 982, 4*p + 3*k = 788. What is the hundreds digit of p?
1
What is the units digit of 3/5 - (-7)/((-70)/(-64))?
7
Let c(d) = -d**2 + d + 3. Let z be c(3). Let i = 9 + z. Suppose -50 = o - i*o. What is the units digit of o?
0
Let j be 120 + (-1 - 0)*1. Suppose -2*s - 2*u = s - j, -s - u = -41. What is the tens digit of s?
3
Suppose -5*t = -p + 70 + 84, t + 532 = 3*p. What is the units digit of p?
9
Suppose x - 78 = -2*x. What is the units digit of x/2*(1 - 0)?
3
Let a = -29 + 71. Suppose m + m - a = 0. What is the units digit of m?
1
Let c be (1 + 2)/(9/15). Suppose -c*x - 28 = -0*k - 3*k, 4*k - 3*x - 41 = 0. What is the tens digit of k?
1
Suppose -6*i + 3420 = 12*i. What is the tens digit of i?
9
Let r = -5 - 1. Let s(b) = -b**3 - 5*b**2 + 7*b + 1. Let o be s(r). What is the tens digit of (-3 - -33)*(-2)/o?
1
Let a = -51 - -89. What is the tens digit of a?
3
Suppose 2*o + o - 63 = 3*a, o = 3*a + 23. Suppose -2*v = -k - 39, 2*v - v - o = k. Let m = 32 - v. What is the tens digit of m?
1
Let q be (-3)/(-3 - 0) + 59. Suppose 0 = -3*s - 2*s + q. Let n = s + -6. What is the units digit of n?
6
Let p = 42 + 27. What is the tens digit of p?
6
What is the tens digit of 31 - (3 + -1 + -2)?
3
Let s(j) = 3*j**2 + 19*j - 13. What is the units digit of s(-11)?
1
Let v = -6 - 2. Let m = -4 - v. Suppose 0 = -6*s + m*s + 4. What is the units digit of s?
2
Let p(w) = w**3 + 20*w**2 - 28*w - 7. What is the tens digit of p(-21)?
4
Suppose 0 = -2*y - 5*p + 11, 3*p + 10 = 5*y - 2*p. Suppose -15 = -3*z - y*v + 60, 2*z - v - 38 = 0. What is the tens digit of z?
2
Let u(c) = 2*c - 11. Let f be u(7). Suppose f*i + 111 = 3*j, j = -i + 5*i + 52. What is the units digit of j?
2
Suppose 30 = 4*r - 70. What is the units digit of r?
5
Let q(z) = -z**2 + 4*z + 5. Let j be q(5). Let t(s) be the first derivative of s**3/3 + s**2/2 + 7*s - 6. What is the units digit of t(j)?
7
Let c be 1*4 + 1/(-1). Suppose -c*a + 8 = u - 20, 4*u - 12 = -2*a. What is the units digit of a?
0
Suppose -3*m + 10 = -5*r + m, 4*r - 4*m + 12 = 0. Let k(j) = -5 + 2*j**r + 4 + 4*j + 2. What is the units digit of k(-3)?
7
Suppose -4*j - 2*o = -5*o - 4, 2*j = -3*o + 20. Suppose 3 = -j*w + 19. What is the units digit of w?
4
Let a(j) = -j - 16. What is the units digit of a(-17)?
1
Let n(r) be the first derivative of r**4/4 + 5*r**3/3 - 9*r**2/2 - 5*r - 3. What is the units digit of n(-6)?
3
Let a be 4*1/(-4)*-2. Suppose -7*o + a*o = 0. Suppose -6*t + 4*t + 5*q + 17 = o, t = -3*q + 25. What is the units digit of t?
6
Let x = 28 - 6. What is the tens digit of x?
2
Suppose -3*c + 4*b = c, -6 = 3*c - 5*b. Suppose 3*g + c*x - 135 = 0, -g - 210 = -6*g - 2*x. Suppose 4*p = -p + g. What is the units digit of p?
8
Let h(c) = 3*c + 12. What is the tens digit of h(11)?
4
Suppose 2*k = 121 + 73. What is the tens digit of k?
9
Suppose 0 = -r - r. Suppose 5*i - k = -8, -i - k + 2 = -r*i. What is the units digit of i/2 + (-9)/(-6)?
1
Let i = -4 - -4. Suppose -3*b + 4*b - 5 = i. What is the units digit of b?
5
Let j be (-1)/((-2)/6) + -21. What is the units digit of 154/6 + 12/j?
5
Suppose 5 = p - 0. Suppose 0 = -5*x - 0 + 20. Let j = p - x. What is the units digit of j?
1
Let r = 124 - -16. What is the tens digit of r?
4
Suppose -5*k - 3*m = -119, -93 - 5 = -5*k + 4*m. What is the tens digit of k?
2
Suppose -3*h - 256 = -5*h. What is the tens digit of h?
2
Suppose 0 = -12*m + 5*m + 749. What is the hundreds digit of m?
1
Let l(g) = 56*g + 2. What is the units digit of l(2)?
4
Let t be (-5)/((3 + 0)/(-3)). Let i be (-50)/(-2) - (t + -5). Suppose -5 + i = 5*w + 3*a, -w = 3*a + 8. What is the units digit of w?
7
Let i(q) = -q**2 - 3*q + 6. Let a be i(-5). Suppose -3*l + 19 - 2 = b, -3*l + 5*b + 23 = 0. Let c = l + a. What is the units digit of c?
2
Let f(x) = x**2 + 7*x + 9. Let j be f(-6). Let v = j + -1. What is the units digit of v?
2
Let p = -71 + 119. Suppose -3*a - p = -7*a. What is the units digit of a?
2
Let k(s) = 10*s**2 + 10*s + 12. What is the units digit of k(4)?
2
Let b(q) = -q**2 - 9*q + 2. Let j be b(-3). Let u = j + 4. What is the units digit of u?
4
Let m = -9 + 8. Let k be (6 - 6)/(0 + m). Suppose -t = 5*a - 61, k*t = 3*a + 4*t - 40. What is the tens digit of a?
1
Let x be -2 + 3 - (2 + 1). Let n = x + 0. What is the units digit of 12/((1 - 3)/n)?
2
Suppose -9*w + 3*w = -516. What is the tens digit of w?
8
Let v(o) = o + 3. Let l be v(4). Suppose -3 = t + 5*p - 0*p, 0 = -t - p - l. Let i = t + 29. What is the tens digit of i?
2
What is the tens digit of -8 - -9 - (1 - 194)?
9
Suppose 3*a = 80 + 139. What is the tens digit of a?
7
Suppose -f - f = 5*r - 17, f + 2*r = 8. What is the units digit of (2/f)/(2/12)?
2
Let w(u) = u + 10. Let v be w(-9). Let z be 0 + v + -1 + 2. Suppose -b + z = b. What is the units digit of b?
1
Let h = -10 + 18. Suppose 4*z - 3*l - 32 = 0, -3*l = -h*l - 20. What is the units digit of z?
5
Suppose -c + 11 = 4*q, -5*c + 0*q + 13 = -q. Suppose 5*u = c*u + 70. What is the units digit of u?
5
Let u(v) = -v**3 - 5*v**2 + 5*v. Let z be u(-6). Suppose 3*b + 28 = 5*g, -4*b = -z*g + 3*g + 19. What is the units digit of g?
5
Let p(l) = l - 12. Let i be p(9). Let j = i + 4. What is the units digit of j?
1
Let j(r) = 27*r - 48. What is the tens digit of j(8)?
6
Let v be 4/14 - 352/56. What is the units digit of (v - -2) + (-4 - -46)?
8
Let g = 8 + -8. Suppose -27 = -3*k - g*k. Suppose 5*x - 51 = k. What is the units digit of x?
2
Suppose -4*z + 16 + 0 = 0. Suppose -6*h + z*h + 26 = 0. What is the units digit of h?
3
Let w(u) = -u + 6. Let r be w(0). Suppose 0 = -4*h + 2*h + 3*l + 35, -2*h = 4*l - 70. Suppose -r*x + x + h = 0. What is the units digit of x?
5
Let l be (-3 - 0)/(1/(-3)). Let n = l + -4. Suppose m - 15 = -5*p, n*m + 20 = -p - 1. What is the units digit of p?
4
Suppose -4*a = -6*a + 40. Let g = a + -8. What is the units digit of g?
2
Suppose 4*v + 3*n = v + 6, -3*v = -5*n - 38. Let q be v/21 +